e prime factors of 262058.
2, 283, 463
What are the prime factors of 26689151?
593, 45007
What are the prime factors of 1806901?
1806901
What are the prime factors of 5348787?
3, 1782929
List the prime factors of 346166.
2, 73, 2371
What are the prime factors of 2625996?
2, 3, 218833
List the prime factors of 777401.
41, 67, 283
List the prime factors of 41683.
73, 571
What are the prime factors of 454932?
2, 3, 12637
What are the prime factors of 137631?
3, 13, 3529
What are the prime factors of 13575016?
2, 7, 13, 29, 643
List the prime factors of 681429.
3, 7, 37, 877
What are the prime factors of 1219254?
2, 3, 203209
What are the prime factors of 4952109?
3, 1650703
What are the prime factors of 1189021?
1189021
List the prime factors of 4829888.
2, 7, 10781
What are the prime factors of 639065?
5, 7, 19, 31
What are the prime factors of 7743088?
2, 23, 53, 397
What are the prime factors of 253045?
5, 13, 17, 229
What are the prime factors of 229508?
2, 181, 317
List the prime factors of 10572662.
2, 5286331
What are the prime factors of 2329110?
2, 3, 5, 7, 3697
List the prime factors of 869897.
7, 41, 433
What are the prime factors of 188653?
188653
List the prime factors of 3208434.
2, 3, 534739
What are the prime factors of 3099930?
2, 3, 5, 191, 541
What are the prime factors of 1750935?
3, 5, 113, 1033
What are the prime factors of 2831671?
2831671
List the prime factors of 85778.
2, 7, 11, 557
List the prime factors of 6986507.
11, 17, 37361
What are the prime factors of 345314?
2, 172657
List the prime factors of 1370739.
3, 37, 53, 233
What are the prime factors of 1406557?
1406557
List the prime factors of 657520.
2, 5, 8219
What are the prime factors of 171097?
23, 43, 173
What are the prime factors of 8590283?
13, 660791
What are the prime factors of 9734213?
19, 541, 947
List the prime factors of 1285039.
7, 183577
What are the prime factors of 6861631?
7, 467, 2099
What are the prime factors of 212496?
2, 3, 19, 233
What are the prime factors of 63002?
2, 17, 109
List the prime factors of 4288602.
2, 3, 31, 23057
List the prime factors of 2854237.
19, 150223
List the prime factors of 15823.
15823
List the prime factors of 2809499.
7, 11, 31, 107
List the prime factors of 206145.
3, 5, 509
What are the prime factors of 3624132?
2, 3, 61, 4951
What are the prime factors of 16116515?
5, 67, 48109
List the prime factors of 493315.
5, 98663
What are the prime factors of 5809217?
101, 113, 509
List the prime factors of 10579950.
2, 3, 5, 17, 461
List the prime factors of 2563724.
2, 263, 2437
List the prime factors of 9589410.
2, 3, 5, 47, 2267
What are the prime factors of 1059200?
2, 5, 331
List the prime factors of 326260.
2, 5, 11, 1483
List the prime factors of 6102717.
3, 2034239
List the prime factors of 1655221.
569, 2909
List the prime factors of 9236506.
2, 4618253
What are the prime factors of 77334?
2, 3, 12889
List the prime factors of 41966821.
13, 41, 78737
What are the prime factors of 2036601?
3, 7, 32327
List the prime factors of 17713764.
2, 3, 43, 11443
What are the prime factors of 3060865?
5, 612173
List the prime factors of 40331.
31, 1301
What are the prime factors of 481917?
3, 160639
List the prime factors of 177904.
2, 11119
What are the prime factors of 2906918?
2, 7, 89, 2333
What are the prime factors of 8500059?
3, 101, 1039
List the prime factors of 12511969.
12511969
What are the prime factors of 52457?
52457
List the prime factors of 4862148.
2, 3, 405179
What are the prime factors of 213063?
3, 29, 31, 79
What are the prime factors of 15959671?
7, 13, 109, 1609
List the prime factors of 626961.
3, 103, 2029
List the prime factors of 332687.
332687
What are the prime factors of 1359547?
7, 167, 1163
List the prime factors of 836891.
11, 76081
What are the prime factors of 1534189?
1534189
List the prime factors of 9977114.
2, 7, 712651
What are the prime factors of 31905405?
3, 5, 7, 101287
List the prime factors of 5481272.
2, 19, 36061
List the prime factors of 8553938.
2, 59, 71, 1021
List the prime factors of 252500.
2, 5, 101
What are the prime factors of 102339?
3, 83, 137
List the prime factors of 102273.
3, 73, 467
What are the prime factors of 402996?
2, 3, 11, 43, 71
List the prime factors of 3444472.
2, 17, 19, 31, 43
List the prime factors of 222089.
7, 31727
What are the prime factors of 65146?
2, 32573
What are the prime factors of 401785?
5, 107, 751
What are the prime factors of 1025381?
7, 37, 107
What are the prime factors of 4091701?
743, 5507
What are the prime factors of 12868173?
3, 476599
List the prime factors of 324604.
2, 7, 11593
What are the prime factors of 13297860?
2, 3, 5, 73877
What are the prime factors of 608418?
2, 3, 19, 593
What are the prime factors of 57416?
2, 7177
List the prime factors of 400780.
2, 5, 29, 691
What are the prime factors of 5176042?
2, 71, 36451
List the prime factors of 1508204.
2, 377051
What are the prime factors of 440799?
3, 146933
What are the prime factors of 175344?
2, 3, 13, 281
List the prime factors of 35841315.
3, 5, 19, 67, 1877
List the prime factors of 250994.
2, 125497
List the prime factors of 3464981.
13, 47, 53, 107
What are the prime factors of 3929223?
3, 59, 79, 281
What are the prime factors of 5319228?
2, 3, 31, 79, 181
What are the prime factors of 2314065?
3, 5, 13, 11867
List the prime factors of 112574.
2, 7, 11, 17, 43
What are the prime factors of 34347?
3, 107
List the prime factors of 173716.
2, 137, 317
List the prime factors of 289584.
2, 3, 2011
What are the prime factors of 287830?
2, 5, 107, 269
List the prime factors of 3951825.
3, 5, 52691
List the prime factors of 1867794.
2, 3, 311299
What are the prime factors of 110063?
110063
List the prime factors of 2503774.
2, 7, 13, 13757
What are the prime factors of 8531952?
2, 3, 11, 13, 113
List the prime factors of 809156.
2, 202289
List the prime factors of 12246446.
2, 6123223
What are the prime factors of 2813268?
2, 3, 23, 10193
What are the prime factors of 302089?
181, 1669
What are the prime factors of 519988?
2, 7, 379
What are the prime factors of 5225789?
47, 111187
List the prime factors of 4274578.
2, 7, 11, 41, 677
What are the prime factors of 1570368?
2, 3, 8179
List the prime factors of 1374908.
2, 343727
List the prime factors of 277574.
2, 11, 31, 37
List the prime factors of 29149437.
3, 29, 335051
What are the prime factors of 1147767?
3, 382589
What are the prime factors of 9423335?
5, 19, 281, 353
What are the prime factors of 5655854?
2, 2827927
List the prime factors of 6468704.
2, 11, 17, 23, 47
What are the prime factors of 1249350?
2, 3, 5, 8329
What are the prime factors of 719772?
2, 3, 59981
What are the prime factors of 2746763?
431, 6373
List the prime factors of 1261489.
1261489
List the prime factors of 548474.
2, 274237
What are the prime factors of 3356013?
3, 53, 21107
What are the prime factors of 168822?
2, 3, 83, 113
List the prime factors of 56391.
3, 18797
List the prime factors of 3877889.
3877889
What are the prime factors of 786427?
43, 18289
What are the prime factors of 4323572?
2, 11, 8933
What are the prime factors of 232101?
3, 17, 37, 41
What are the prime factors of 220377?
3, 73459
List the prime factors of 423243.
3, 31, 37, 41
List the prime factors of 189108.
2, 3, 17, 103
List the prime factors of 426463.
347, 1229
List the prime factors of 195812.
2, 48953
List the prime factors of 440671.
7, 11, 59, 97
What are the prime factors of 152770?
2, 5, 15277
What are the prime factors of 18590453?
7, 379397
List the prime factors of 471154.
2, 235577
List the prime factors of 825135.
3, 5, 55009
List the prime factors of 205388.
2, 51347
List the prime factors of 7575349.
23, 317, 1039
What are the prime factors of 156895?
5, 31379
List the prime factors of 508702.
2, 347, 733
List the prime factors of 100568.
2, 13, 967
List the prime factors of 27041076.
2, 3, 751141
What are the prime factors of 15294978?
2, 3, 849721
List the prime factors of 294866.
2, 11, 13, 1031
What are the prime factors of 10472821?
10472821
What are the prime factors of 280662?
2, 3, 29, 1613
List the prime factors of 403641.
3, 7, 43, 149
What are the prime factors of 21281680?
2, 5, 7, 61, 89
What are the prime factors